e f(q).
1
Let k(p) be the first derivative of -2*p**2 - 4*p + 9. Calculate k(-4).
12
Let v(r) = 2*r + 1. Let j be 191/(-9) - 2/(-9). Let i = j - -22. What is v(i)?
3
Let n(i) = -i**3 + 4*i**2 - 2*i. Let p be (-40)/25*(-5)/2. Suppose 9*y - p*y + 5*c = 40, -8 = -2*c. Calculate n(y).
-8
Suppose 0 = -13*n + 142 - 51. Let r(u) = u**3 - 8*u**2 + 6*u - 3. Determine r(n).
-10
Suppose 3*a = 2*o - 7, 9*o = -3*a + 4*o + 28. Let k be 0/(-1 + a + 2). Let p(j) = -j**3 + j**2 - j - 4. What is p(k)?
-4
Let p(c) = 5*c + 3 + 0 - c - 3*c. Let j(b) = -3*b - 9. Let i(k) = -4*j(k) - 14*p(k). Determine i(-6).
6
Let d be (0 - -1) + -3 + -4. Let h = d + 8. Let q(m) = 0 + 0 + m - h. Determine q(5).
3
Let a(y) = -y**2 - 138 + 138 + 4*y. Give a(6).
-12
Let b(j) = -j**2 + 5*j + 3. Suppose 3*h + 1 - 7 = 0. Suppose a - 15 = -h*a. Determine b(a).
3
Let g(o) = -1 + 3*o**2 - 7*o**2 - 3*o + 0*o**2. Let y(f) = f**2 + f. Let b(i) = -2*g(i) - 7*y(i). Give b(0).
2
Let o(b) = -4*b + 3. Let m(z) = -4*z + 4. Let t(s) = -3*m(s) + 4*o(s). What is t(-3)?
12
Let n(s) be the second derivative of -s**5/20 + 2*s**4/3 - s**3/3 + s**2 + 4*s. Give n(8).
-14
Suppose 7 = -5*r - 8. Let x = -4 + 4. Let c(f) = -2*f + 3*f + x*f. Give c(r).
-3
Let h(k) = 3*k**2 + 0*k + 2*k**2 - 4*k**2 + 2*k - 7. Let o be h(-4). Let m(l) be the second derivative of l**5/4 + l**3/3 - l**2/2 + l. Determine m(o).
6
Let u(l) = l**3 + l**2 + l - 1. Let q(k) = -4*k**3 - 2*k**2 - 4*k + 2. Let t(d) = q(d) + 3*u(d). Determine t(0).
-1
Let a be 1 + (-2 - 0)/(-2). Let d(j) = j - 2*j + j - a*j - 8. Determine d(-6).
4
Let q(n) = -n**2 - 4*n + 4. Let u(w) be the third derivative of -w**4/24 + w**3/6 + 2*w**2. Let b be u(5). What is q(b)?
4
Suppose -5*c + 3*c = 3*c. Let o(g) = g**2 - 4. Calculate o(c).
-4
Let p = 26 - 29. Let r(j) = 2*j. What is r(p)?
-6
Let v(u) = 3*u**3 - 7*u**2 + 3*u - 2. Let l(i) = -13*i**3 + 29*i**2 - 11*i + 8. Let f(w) = -2*l(w) - 9*v(w). Determine f(3).
5
Let r(f) be the first derivative of f**2/2 - 3*f - 3. Let y be r(5). Let i(l) = 3 - 2*l**y - l**3 - 3*l + 3 + 7*l**2 - l. Calculate i(4).
6
Let c(k) = 4*k**2 + 1. Let t(d) = -d**3 + d**2 + 2*d + 1. Let n be t(-1). Suppose 0*w = w - n. Give c(w).
5
Suppose 4*h - 6 = 5*i - 3*i, -i = 5. Let t be 11*1 - (h - -3). Let d be (-3)/t*(0 - 15). Let u(a) = 2*a - 7. Determine u(d).
3
Let o(x) = -3*x**2 + x + 2. Let d(u) = 4*u**2 - 2*u - 2. Let l(f) = -4*d(f) - 5*o(f). Give l(3).
-2
Let o(v) = -2*v + 7. Suppose 0 = 2*t + 2*j - 6, 6*t = 3*t + 4*j + 2. Let c(p) = -3 + 0 - 4*p**t - p - p**3 - p. Let b be c(-4). Determine o(b).
-3
Let d(b) be the third derivative of 0 + 5/24*b**4 - 1/30*b**5 + 0*b - 2*b**2 - 1/3*b**3. Let y = 0 + 3. Determine d(y).
-5
Suppose -6 = -3*v - 0. Let l(t) = 1 - 3*t**v + 0*t**2 - t**2. Let y(a) = -a**3 - 8*a**2 + 9*a - 1. Let w be y(-9). Calculate l(w).
-3
Let c(j) = 5 - 30*j + 53*j + 4 - 25*j. What is c(9)?
-9
Let z(t) = t**3 + 7*t**2 + 8*t + 6. Let n = -40 + 34. Determine z(n).
-6
Suppose -3*m - 6*m + 45 = 0. Let i(b) = -b**3 + 6*b**2 - 5*b - 4. Calculate i(m).
-4
Suppose -8 = -i - 3*i. Let p(a) = a**2 + 7*a - 3. Let c = 2 + -4. Let o(x) = 3*x - 1. Let r(y) = c*p(y) + 5*o(y). What is r(i)?
-5
Let f(p) = -p**2 + 1. Let u be (-6 + 9)*40/6. Suppose u = 2*s + 5*r, 10 + 2 = -3*s + 3*r. Calculate f(s).
1
Let g be 3*(-6)/(-9)*1. Let m(i) = -2*i**3 + g - 5*i**3 - 3. Let s(w) = w**2 - 7*w + 1. Let j be s(7). Calculate m(j).
-8
Let k(u) = -u**3 - 6*u**2 - 5*u - 1. Suppose 3*h = 15 + 6. Let p = h - 5. Suppose 2*c = -4*z - 16, -p*c - 8 + 32 = -4*z. Give k(z).
-1
Let a(t) = 6*t + 1. Let r(k) = k + 1. Let f(h) = -a(h) - 2*r(h). Calculate f(-2).
13
Let f(r) = r + 11. Let l be f(-7). Let h(s) = 2*s + l*s - 5*s. Calculate h(-5).
-5
Let g(y) be the first derivative of -5*y**2/2 - 3*y - 17. Calculate g(-3).
12
Let t(y) = 3*y - 3. Let b = -53 - -57. Determine t(b).
9
Let x(y) be the first derivative of -3/2*y**2 - 1/6*y**4 - 1/6*y**3 + 0*y - 2. Let v(a) be the second derivative of x(a). Determine v(-1).
3
Let x(d) = -d**3 + 7*d**2 - 6*d + 6. Let l(t) = -2*t**3 - 2*t**2. Let w be l(-2). Let k be (-4)/10 - w/(-20). Suppose -3*m + 19 - 1 = k. What is x(m)?
6
Let h be 299/104 - (-2)/16. Suppose v - 29 = 8*p - 3*p, -22 = -h*v + 2*p. Let c(g) = -g**2 + 3*g + 2. Determine c(v).
-2
Let t(v) = v**2 - 1. Let l(s) = 5*s**2 + s - 6. Let d(a) = 2*l(a) - 11*t(a). Calculate d(4).
-9
Let d(n) = 59 + 2*n - 59. Calculate d(-1).
-2
Let q(j) = -j**2 + 1 + 7*j - 2 - 4*j. Give q(2).
1
Let v(l) be the first derivative of l**2/2 - 3*l + 5. Calculate v(6).
3
Let q(y) = 0*y - 36*y**2 + 2*y + 35*y**2 - y - 1. Determine q(3).
-7
Let c(r) = -7*r - r**2 + 3*r**2 - 7 + 1 - r**2. Let g(t) = 2*t**2 - 8*t - 7. Let z(p) = 4*c(p) - 3*g(p). Determine z(-2).
-3
Let y(m) be the third derivative of -1/24*m**4 + 0 - 3*m**2 + 5/6*m**3 + 0*m. Give y(4).
1
Let v = 2 - 0. Suppose w = v*w - 6. Let s(o) = 5*o + 0*o - 2*o**2 - 2*o**2 - o - o**3 - w. What is s(-5)?
-1
Let x(a) be the third derivative of 0*a - 3*a**2 + 1/3*a**3 + 1/24*a**4 + 0. Suppose -2*r + 12 = -5*d, -3*d + 2*d - 16 = 3*r. Calculate x(d).
-2
Let n(i) be the third derivative of i**5/60 - 5*i**4/24 + 7*i**3/6 + 36*i**2. Determine n(5).
7
Suppose -4*f + 24 - 86 = 5*t, -3*t = 2*f + 36. Let u be (-6)/10 - (-34)/t. Let m(w) = -w**3 - 5*w**2 - 2*w + 4. Calculate m(u).
-4
Let w(c) = -c**2 - 7*c - 5. Let o be w(-4). Let q(a) = a - 4. Calculate q(o).
3
Suppose 0*s = -4*s. Let k(m) be the third derivative of s*m + 0*m**4 + 0*m**3 + 1/15*m**5 + 0 + 2*m**2. Calculate k(-1).
4
Let c be ((-14)/6)/((-8)/(-6) + -1). Let g(f) = -f - 3. Give g(c).
4
Let y(a) = 4*a**2 - 12*a**3 + 11*a**3 + 3*a + 18 - 14. Calculate y(5).
-6
Suppose o - 8 = -j, -2*j + 4*o = 2*o. Let q(a) be the second derivative of a**3/6 - a**2 + 3*a. Calculate q(j).
2
Let q = 22 + -24. Let s(y) = -y**3 - 2*y**2 + 1. Determine s(q).
1
Let k(q) be the second derivative of 29/6*q**3 + 0 + 1/2*q**2 + 1/3*q**4 + 3*q. Let d(f) = -f**2 - 7*f. Let w(y) = -9*d(y) - 2*k(y). Give w(-5).
-2
Let v(d) = -d**2 - d. Let t(r) be the first derivative of 2*r**3 + 3*r**2 - 6. Let c(x) = -t(x) - 5*v(x). Give c(-1).
0
Let k(d) = d**2 + 7*d - 1. Let c = -18 - -13. Give k(c).
-11
Let y(m) = m**2 - 5*m - 7. Let r(d) = 2*d**2 - 5*d - 8. Let f(i) = -2*r(i) + 3*y(i). Suppose 6 = -c - 2*v, -2*c - v - 7 = 2. Calculate f(c).
-1
Let k(y) be the first derivative of -y**4/4 + 5*y**3/3 + 2*y**2 - 6*y + 36. Calculate k(6).
-18
Let d be (5/(-2))/(1/2). Let i(k) = 3 - 2*k + 4*k - k. Calculate i(d).
-2
Suppose 0 = -10*t + 15*t + 20. Let p(o) = -o - 10. Give p(t).
-6
Let b(n) = -8*n - 75 + 9*n + 75. Let c(a) = -a**3 + 4*a**2 + 2. Suppose -4*k = -11 - 5. Let x be c(k). Give b(x).
2
Let a(x) = -13*x**2 + 6*x. Let i(s) = -70*s**2 + 24*s. Let k(l) = 14*l**2 - 5*l. Let g(y) = 2*i(y) + 11*k(y). Let z(p) = 6*a(p) + 5*g(p). Give z(1).
-7
Suppose n = 5*k + 3, -5*n - 2*k + 16 = 1. Let m(q) = 2*q**3 - 3*q**2 - 7*q + 6*q - 4 - q**n. Let d = 5 + -2. Determine m(d).
-7
Let b(x) = 4*x - 13. Let z(c) = -5*c + 13. Let q(a) = -4*b(a) - 3*z(a). Calculate q(9).
4
Suppose -3*t + 40 = -0*t + 5*x, -5*t + 3*x = -10. Let b(u) = u - u + 2*u - 1 - t*u + 3*u**2 - u**3. Determine b(3).
-10
Let y(n) be the first derivative of 10*n**3/3 - 51. Calculate y(-1).
10
Let h(w) = -w**3 + 6*w**2 - 5*w. Let x be (70/21)/((-2)/(-3)). What is h(x)?
0
Let n(d) = -d**3 + 7*d**2 - 5*d - 7. Suppose 15*m = 8*m + 42. What is n(m)?
-1
Let k(l) = l**3 + 7*l**2 + 6*l + 5. Suppose s - 94 + 7 = 0. Let p be s/(-15) + (-5)/25. Determine k(p).
5
Let j = 1 - -2. Suppose -3*d - j = 4*q, 0*q + 5*d = q - 28. Let t(k) = -2*k**2 + 4*k. Give t(q).
-6
Let w be (1 + 8)/(0 + -1). Let s = w - -13. Let p(m) be the second derivative of -m**3/6 - 5*m**2/2 - 2*m. Give p(s).
-9
Let k(b) = b**2 + 2*b + 1. Let m(w) = -w**3 - 7*w**2 - 6*w - 6. Let h be m(-6). Let p be 1*h/(-1 + 4). Let d = p - -1. Calculate k(d).
0
Let g = -6 - -7. Let f(s) = 3*s**3 - 2*s + 1. Let d be f(g). Suppose -d*o - o = 12. Let a(i) = -3*i - 5. Give a(o).
7
Let u(a) be the third derivative of a**4/24 - a**3/2 + a**2. Calculate u(7).
4
Let i be ((-2)/6)/(1/(-6)). Let a(k) be the second derivative of 0*k**3 + 2*k + 1/12*k**4 + 0 + 9/20*k**5 - 1/2*k**i. Give a(1).
9
Let b(z) = -z - 7. Let c be b(-3). Let f = c - -6. Let p(w) = -3*w**f -